194.254.61.0 - - [01/Apr/2014:00:03:52 +0200] "GET /applications/smartcities HTTP/1.1" 304 661 "http://dataiku.com/blog/2012/12/07/visualizing-your-linkedin-graph-using-gephi-part-1.html" "Mozilla/5.0 (Windows NT 6.1; WOW64) AppleWebKit/537.36 (KHTML, like Gecko) Chrome/35.0.1916.153 Safari/537.36"
208.115.111.0 - - [01/Apr/2014:00:12:59 +0200] "GET /blog/feed/ HTTP/1.1" 304 504 "http://dataiku.com/applications/freemium/" "Mozilla/5.0 (compatible; Yahoo! Slurp; http://help.yahoo.com/help/us/ysearch/slurp)"
208.115.111.0 - - [01/Apr/2014:00:30:12 +0200] "GET /applications/freemium HTTP/1.1" 404 657 "http://www.dataiku.com/products/pricing/" "Mozilla/4.0 (compatible; MSIE 7.0; Windows NT 6.0)"
208.115.111.0 - - [01/Apr/2014:00:48:13 +0200] "GET /company/careers HTTP/1.1" 400 646 "http://www.dataiku.com/products/communityedition/" "Mozilla/4.0 (compatible; MSIE 6.0; Windows NT 5.1; SV1)"
149.154.159.0 - - [01/Apr/2014:00:54:29 +0200] "GET /products/sharing/ HTTP/1.1" 206 2907 "http://dataiku.com/data-science/" "Mozilla/5.0 (Windows NT 6.1; WOW64) AppleWebKit/537.36 (KHTML, like Gecko) Chrome/27.0.1453.110 Safari/537.36 Squider/0.01"
208.115.111.0 - - [01/Apr/2014:00:54:33 +0200] "GET / HTTP/1.1" 301 213 "http://www.dataiku.com/company/entrepreneurs/" "Mozilla/4.0 (compatible; MSIE 7.0; Windows NT 6.0)"
208.115.111.0 - - [01/Apr/2014:00:57:17 +0200] "GET /products/shaker/ HTTP/1.1" 408 3312 "http://www.dataiku.com/dss/features/preparation/" "Mozilla/5.0 (compatible; Googlebot/2.1; +http://www.google.com/bot.html)"
192.99.19.0 - - [01/Apr/2014:00:57:21 +0200] "HEAD / HTTP/1.1" 302 263 "http://www.dataiku.com/products/shaker/" "Mozilla/5.0 (Windows NT 6.1; WOW64; rv:21.0) Gecko/20100101 Firefox/21.0"
194.254.61.0 - - [01/Apr/2014:01:18:58 +0200] "GET / HTTP/1.1" 304 13535 "http://dataiku.com/solutions/ecommerce/" "Mozilla/5.0 (compatible; Baiduspider/2.0; +http://www.baidu.com/search/spider.html)"
208.115.111.0 - - [01/Apr/2014:01:30:12 +0200] "GET /solutions/freemium/ HTTP/1.1" 400 2626 "http://www.dataiku.com/blog/2013/11/10/The-Six-Core-Skills-of-a-data-scientist.html" "Mozilla/4.0 (compatible; MSIE 6.0; Windows NT 5.1; SV1)"
95.108.240.0 - - [01/Apr/2014:01:43:58 +0200] "GET /products/ HTTP/1.1" 400 3639 "http://www.dataiku.com/products/saas/" "Mozilla/4.0 (compatible; MSIE 8.0; Windows NT 5.1; Trident/4.0)"
192.99.19.0 - - [01/Apr/2014:01:54:19 +0200] "GET /solutions/ecommerce/ HTTP/1.1" 501 2759 "http://www.dataiku.com/company/entrepreneurs/" "Mozilla/5.0 (Windows NT 6.1; WOW64; Trident/7.0; rv:11.0) like Gecko"
95.108.240.0 - - [01/Apr/2014:01:56:36 +0200] "GET /products/ HTTP/1.1" 416 3647 "http://blog.kaggle.com/2014/02/06/winning-personalized-web-search-team-dataiku/" "Mozilla/4.0 (compatible; MSIE 8.0; Windows NT 5.1; Trident/4.0)"
192.99.19.0 - - [01/Apr/2014:02:00:12 +0200] "GET /products/pricing/ HTTP/1.1" 200 2836 "http://dataiku.com/company/entrepreneurs/" "Mozilla/5.0 (Windows NT 6.1; WOW64; rv:21.0) Gecko/20100101 Firefox/21.0"
149.154.159.0 - - [01/Apr/2014:02:23:09 +0200] "GET /solutions/ecommerce/ HTTP/1.1" 501 2758 "http://dataiku.com/blog/2013/05/03/the-new-search-fuzzy-instantaneous-and-local.html" "Mozilla/5.0 (Windows NT 6.1; WOW64) AppleWebKit/537.36 (KHTML, like Gecko) Chrome/32.0.1700.107 Safari/537.36"
149.154.159.0 - - [01/Apr/2014:02:23:10 +0200] "GET /products HTTP/1.1" 301 566 "http://www.dataiku.com/dss/" "Mozilla/5.0 (Windows NT 6.1; WOW64) AppleWebKit/537.36 (KHTML, like Gecko) Chrome/32.0.1700.107 Safari/537.36"
149.154.159.0 - - [01/Apr/2014:02:30:12 +0200] "GET / HTTP/1.1" 400 13096 "http://www.dataiku.com/company/press/" "Mozilla/5.0 (compatible; bingbot/2.0; +http://www.bing.com/bingbot.htm)"
208.115.111.0 - - [01/Apr/2014:02:47:08 +0200] "GET /products/mining/ HTTP/1.1" 400 3482 "http://www.dataiku.com/company/team/" "Mozilla/5.0 (Windows NT 6.1; WOW64) AppleWebKit/537.36 (KHTML, like Gecko) Chrome/33.0.1750.154 Safari/537.36"
208.115.111.0 - - [01/Apr/2014:03:00:11 +0200] "GET /products/ HTTP/1.1" 404 3588 "http://dataiku.com/applications/" "Mozilla/5.0 (Windows NT 6.1; WOW64) AppleWebKit/537.36 (KHTML, like Gecko) Chrome/33.0.1750.154 Safari/537.36"
194.254.61.0 - - [01/Apr/2014:03:00:23 +0200] "GET /solutions/smartcities/ HTTP/1.1" 206 2669 "http://dataiku.com/products/" "Mozilla/5.0 (compatible; Baiduspider/2.0; +http://www.baidu.com/search/spider.html)"
208.115.111.0 - - [01/Apr/2014:03:00:34 +0200] "GET /applications/freemium HTTP/1.1" 400 657 "http://dataiku.com/products/sharing/" "Mozilla/5.0 (compatible; Yahoo! Slurp; http://help.yahoo.com/help/us/ysearch/slurp)"
208.115.111.0 - - [01/Apr/2014:03:21:11 +0200] "GET / HTTP/1.1" 200 13059 "http://blog.dataiku.com/" "Mozilla/5.0 (compatible; Googlebot/2.1; +http://www.google.com/bot.html)"
149.154.159.0 - - [01/Apr/2014:03:30:12 +0200] "GET /feed/atom/ HTTP/1.1" 304 511 "http://dataiku.com/feed/atom/" "Mozilla/5.0 (Windows NT 6.1; WOW64) AppleWebKit/537.36 (KHTML, like Gecko) Chrome/27.0.1453.110 Safari/537.36 Squider/0.01"
149.154.159.0 - - [01/Apr/2014:03:30:47 +0200] "GET / HTTP/1.1" 304 13226 "http://semalt.semalt.com/crawler.php?u=http://dataiku.org" "Mozilla/5.0 (Windows NT 6.1; WOW64) AppleWebKit/537.36 (KHTML, like Gecko) Chrome/27.0.1453.110 Safari/537.36 Squider/0.01"
149.154.159.0 - - [01/Apr/2014:03:40:34 +0200] "GET /solutions/ecommerce HTTP/1.1" 408 583 "http://www.dataiku.com/applications/publishing/" "Mozilla/5.0 (Windows NT 6.1; WOW64) AppleWebKit/537.36 (KHTML, like Gecko) Chrome/32.0.1700.107 Safari/537.36"
208.115.111.0 - - [01/Apr/2014:03:43:31 +0200] "GET /products HTTP/1.1" 206 566 "http://dataiku.com/blog/" "Mozilla/4.0 (compatible; MSIE 7.0; Windows NT 6.0)"
149.154.159.0 - - [01/Apr/2014:03:54:46 +0200] "GET /products/ HTTP/1.1" 301 3728 "https://www.google.com/" "Mozilla/5.0 (Windows NT 6.1; WOW64) AppleWebKit/537.36 (KHTML, like Gecko) Chrome/27.0.1453.110 Safari/537.36 Squider/0.01"
149.154.159.0 - - [01/Apr/2014:03:56:32 +0200] "GET /applications/freemium HTTP/1.1" 404 657 "http://dataiku.com/" "Mozilla/5.0 (Windows NT 6.1; WOW64) AppleWebKit/537.36 (KHTML, like Gecko) Chrome/27.0.1453.110 Safari/537.36 Squider/0.01"
149.154.159.0 - - [01/Apr/2014:03:57:08 +0200] "GET / HTTP/1.1" 302 3207 "http://t.co/2W6hCFpm" "Mozilla/5.0 (Windows NT 6.1; WOW64) AppleWebKit/537.36 (KHTML, like Gecko) Chrome/27.0.1453.110 Safari/537.36 Squider/0.01"
149.154.159.0 - - [01/Apr/2014:03:58:54 +0200] "GET /feed/ HTTP/1.1" 400 559 "http://dataiku.com/blog/2014/01/14/winning-kaggle.html" "Mozilla/5.0 (compatible; bingbot/2.0; +http://www.bing.com/bingbot.htm)"
208.115.111.0 - - [01/Apr/2014:03:58:55 +0200] "GET /products/ HTTP/1.1" 404 3425 "http://www.dataiku.com/applications/industries/" "Mozilla/4.0 (compatible; MSIE 6.0; Windows NT 5.1; SV1)"
208.115.111.0 - - [01/Apr/2014:03:58:56 +0200] "GET /applications/ HTTP/1.1" 416 3462 "http://blog.dataiku.com/" "Mozilla/5.0 (compatible; Googlebot/2.1; +http://www.google.com/bot.html)"
194.254.61.0 - - [01/Apr/2014:03:58:58 +0200] "GET /products/sharing/ HTTP/1.1" 416 2907 "http://www.dataiku.org/" "Mozilla/5.0 (compatible; Baiduspider/2.0; +http://www.baidu.com/search/spider.html)"
194.254.61.0 - - [01/Apr/2014:03:58:59 +0200] "GET /products HTTP/1.1" 408 635 "http://semalt.semalt.com/crawler.php?u=http://dataiku.org" "Mozilla/5.0 (Windows NT 6.1; WOW64) AppleWebKit/537.36 (KHTML, like Gecko) Chrome/35.0.1916.153 Safari/537.36"
194.254.61.0 - - [01/Apr/2014:03:59:00 +0200] "GET /blog/feed/ HTTP/1.1" 404 501 "http://www.dataiku.com/applications/freemium/" "Mozilla/5.0 (Windows NT 6.1; WOW64) AppleWebKit/537.36 (KHTML, like Gecko) Chrome/35.0.1916.153 Safari/537.36"
208.115.111.0 - - [01/Apr/2014:03:59:39 +0200] "GET /company/team HTTP/1.1" 302 640 "http://www.dataiku.com/blog/" "Mozilla/4.0 (compatible; MSIE 7.0; Windows NT 6.0)"
194.254.61.0 - - [01/Apr/2014:04:00:12 +0200] "GET / HTTP/1.1" 200 3207 "http://www.dataiku.com/dss/" "Mozilla/5.0 (Windows NT 6.1; WOW64) AppleWebKit/537.36 (KHTML, like Gecko) Chrome/35.0.1916.153 Safari/537.36"
95.108.240.0 - - [01/Apr/2014:04:00:50 +0200] "GET / HTTP/1.1" 302 13572 "http://www.journaldunet.com/solutions/analytics/big-data-en-france/dataiku.shtml" "Mozilla/4.0 (compatible; MSIE 8.0; Windows NT 5.1; Trident/4.0)"
192.99.19.0 - - [01/Apr/2014:04:03:35 +0200] "GET /applications/ HTTP/1.1" 408 3405 "-" "Mozilla/5.0 (Windows NT 6.1; WOW64; Trident/7.0; rv:11.0) like Gecko"
192.99.19.0 - - [01/Apr/2014:04:04:19 +0200] "GET / HTTP/1.1" 501 213 "http://www.alliancy.fr/2013/09/25/de-boston-a-new-york-7-start-up-franciliennes-du-big-data-se-frottent-aux-usa_5011.html" "Mozilla/5.0 (Windows NT 6.1; WOW64; Trident/7.0; rv:11.0) like Gecko"
95.108.240.0 - - [01/Apr/2014:04:04:29 +0200] "GET /solutions/smartcities/ HTTP/1.1" 302 2669 "https://www.google.com/" "Mozilla/4.0 (compatible; MSIE 8.0; Windows NT 5.1; Trident/4.0)"
208.115.111.0 - - [01/Apr/2014:04:04:33 +0200] "GET / HTTP/1.1" 200 13040 "http://www.dataiku.com/products/pricing/" "Mozilla/5.0 (Windows NT 6.1; WOW64) AppleWebKit/537.36 (KHTML, like Gecko) Chrome/33.0.1750.154 Safari/537.36"
149.154.159.0 - - [01/Apr/2014:04:04:39 +0200] "GET /company/team/ HTTP/1.1" 404 3374 "http://dataiku.com" "Mozilla/5.0 (compatible; bingbot/2.0; +http://www.bing.com/bingbot.htm)"
149.154.159.0 - - [01/Apr/2014:04:04:54 +0200] "GET /blog/ HTTP/1.1" 302 4433 "http://www.dataiku.com/dss/features/modeling/" "Mozilla/5.0 (compatible; bingbot/2.0; +http://www.bing.com/bingbot.htm)"
192.99.19.0 - - [01/Apr/2014:04:05:09 +0200] "GET / HTTP/1.1" 416 3605 "http://www.dataiku.com/products/manage/" "Mozilla/5.0 (Windows NT 6.1; WOW64; rv:21.0) Gecko/20100101 Firefox/21.0"
95.108.240.0 - - [01/Apr/2014:04:05:19 +0200] "GET / HTTP/1.1" 301 660 "http://dataiku.com/applications/publishing/" "Mozilla/4.0 (compatible; MSIE 8.0; Windows NT 5.1; Trident/4.0)"
192.99.19.0 - - [01/Apr/2014:04:05:23 +0200] "GET / HTTP/1.1" 200 3659 "http://semalt.semalt.com/crawler.php?u=http://dataiku.biz" "Mozilla/5.0 (Windows NT 6.1; WOW64; rv:21.0) Gecko/20100101 Firefox/21.0"
95.108.240.0 - - [01/Apr/2014:04:05:39 +0200] "GET /products/ HTTP/1.1" 200 3589 "http://www.dataiku.com/" "Mozilla/4.0 (compatible; MSIE 8.0; Windows NT 5.1; Trident/4.0)"
149.154.159.0 - - [01/Apr/2014:04:05:45 +0200] "GET / HTTP/1.1" 501 3154 "http://www.dataiku.com/products/" "Mozilla/5.0 (Windows NT 6.1; WOW64) AppleWebKit/537.36 (KHTML, like Gecko) Chrome/27.0.1453.110 Safari/537.36 Squider/0.01"
192.99.19.0 - - [01/Apr/2014:04:05:48 +0200] "GET /blog/feed HTTP/1.1" 501 444 "http://www.dataiku.com/dss/trynow/" "Mozilla/5.0 (Windows NT 6.1; WOW64; rv:21.0) Gecko/20100101 Firefox/21.0"
208.115.111.0 - - [01/Apr/2014:04:05:54 +0200] "GET /blog/ HTTP/1.1" 416 4433 "http://semalt.semalt.com/crawler.php?u=http://dataiku.info" "Mozilla/5.0 (X11; CrOS x86_64 5116.62.0) AppleWebKit/537.36 (KHTML, like Gecko) Chrome/33.0.1750.70 Safari/537.36"
149.154.159.0 - - [01/Apr/2014:04:05:59 +0200] "GET /products/ HTTP/1.1" 200 3647 "http://dataiku.biz/" "Mozilla/5.0 (Windows NT 6.1; WOW64) AppleWebKit/537.36 (KHTML, like Gecko) Chrome/27.0.1453.110 Safari/537.36 Squider/0.01"
208.115.111.0 - - [01/Apr/2014:04:06:03 +0200] "GET / HTTP/1.1" 302 13572 "http://semalt.semalt.com/crawler.php?u=http://dataiku.com" "Mozilla/5.0 (compatible; Googlebot/2.1; +http://www.google.com/bot.html)"
208.115.111.0 - - [01/Apr/2014:04:06:09 +0200] "GET /products/ HTTP/1.1" 304 3588 "http://www.dataiku.com/solutions/smartcities/" "Mozilla/5.0 (compatible; Googlebot/2.1; +http://www.google.com/bot.html)"
192.99.19.0 - - [01/Apr/2014:04:06:24 +0200] "GET /products/ HTTP/1.1" 302 3592 "http://www.dataiku.com/blog/2014/01/14/winning-kaggle.html" "Mozilla/5.0 (compatible; AhrefsBot/5.0; +http://ahrefs.com/robot/)"
149.154.159.0 - - [01/Apr/2014:04:06:39 +0200] "GET /company/team/ HTTP/1.1" 408 3374 "http://www.journaldunet.com/solutions/expert/56923/le---machine-learning-----quand-les-donnees-remplacent-les-algorithmes.shtml" "Mozilla/5.0 (compatible; bingbot/2.0; +http://www.bing.com/bingbot.htm)"
95.108.240.0 - - [01/Apr/2014:04:06:48 +0200] "GET /solutions/ecommerce/ HTTP/1.1" 304 2758 "http://dataiku.com/products/mining/" "Mozilla/4.0 (compatible; MSIE 8.0; Windows NT 5.1; Trident/4.0)"
192.99.19.0 - - [01/Apr/2014:04:06:53 +0200] "GET /solutions/smartcities HTTP/1.1" 501 587 "http://dataiku.com/applications/smartcities/" "Mozilla/5.0 (compatible; AhrefsBot/5.0; +http://ahrefs.com/robot/)"
208.115.111.0 - - [01/Apr/2014:04:07:24 +0200] "GET / HTTP/1.1" 302 13040 "http://dataiku.com/solutions/freemium/" "Mozilla/5.0 (X11; CrOS x86_64 5116.62.0) AppleWebKit/537.36 (KHTML, like Gecko) Chrome/33.0.1750.70 Safari/537.36"
208.115.111.0 - - [01/Apr/2014:04:07:35 +0200] "GET / HTTP/1.1" 301 3380 "http://www.dataiku.com/dss/" "Mozilla/5.0 (compatible; Googlebot/2.1; +http://www.google.com/bot.html)"
194.254.61.0 - - [01/Apr/2014:04:07:44 +0200] "GET /products/ HTTP/1.1" 301 3592 "http://dataiku.com/data-science/" "Mozilla/5.0 (Windows NT 6.1; WOW64) AppleWebKit/537.36 (KHTML, like Gecko) Chrome/35.0.1916.153 Safari/537.36"
208.115.111.0 - - [01/Apr/2014:04:07:49 +0200] "GET /blog/feed/ HTTP/1.1" 206 636 "http://dataiku.com/solutions/freemium/" "Mozilla/5.0 (Windows NT 6.1; WOW64) AppleWebKit/537.36 (KHTML, like Gecko) Chrome/33.0.1750.154 Safari/537.36"
208.115.111.0 - - [01/Apr/2014:04:07:53 +0200] "GET / HTTP/1.1" 404 13207 "http://www.dataiku.com/company/team/" "Mozilla/5.0 (compatible; Googlebot/2.1; +http://www.google.com/bot.html)"
192.99.19.0 - - [01/Apr/2014:04:08:03 +0200] "GET /applications/smartcities HTTP/1.1" 200 661 "http://dataiku.com/blog/" "Mozilla/5.0 (compatible; AhrefsBot/5.0; +http://ahrefs.com/robot/)"
149.154.159.0 - - [01/Apr/2014:04:08:09 +0200] "GET / HTTP/1.1" 501 3154 "http://strata.oreilly.com/2013/11/data-wrangling-gets-a-fresh-look.html" "Mozilla/5.0 (Windows NT 6.1; WOW64) AppleWebKit/537.36 (KHTML, like Gecko) Chrome/27.0.1453.110 Safari/537.36 Squider/0.01"
149.154.159.0 - - [01/Apr/2014:04:08:19 +0200] "GET /products/ HTTP/1.1" 408 3441 "http://www.dataiku.com/applications/freemium/" "Mozilla/5.0 (Windows NT 6.1; WOW64) AppleWebKit/537.36 (KHTML, like Gecko) Chrome/27.0.1453.110 Safari/537.36 Squider/0.01"
95.108.240.0 - - [01/Apr/2014:04:08:34 +0200] "GET / HTTP/1.1" 304 15839 "http://www.kdnuggets.com/software/suites.html" "Mozilla/4.0 (compatible; MSIE 8.0; Windows NT 5.1; Trident/4.0)"
194.254.61.0 - - [01/Apr/2014:04:08:39 +0200] "GET /feed/ HTTP/1.1" 304 503 "http://www.dataiku.com" "Mozilla/5.0 (Windows NT 6.1; WOW64) AppleWebKit/537.36 (KHTML, like Gecko) Chrome/35.0.1916.153 Safari/537.36"
95.108.240.0 - - [01/Apr/2014:04:08:44 +0200] "GET / HTTP/1.1" 404 3401 "http://dataiku.com/solutions/smartcities/" "Mozilla/4.0 (compatible; MSIE 8.0; Windows NT 5.1; Trident/4.0)"
208.115.111.0 - - [01/Apr/2014:04:08:54 +0200] "GET / HTTP/1.1" 200 13263 "http://dataiku.com/products/mining/" "Mozilla/5.0 (compatible; Yahoo! Slurp; http://help.yahoo.com/help/us/ysearch/slurp)"
208.115.111.0 - - [01/Apr/2014:04:09:14 +0200] "GET /company/entrepreneurs/ HTTP/1.1" 302 3514 "http://dataiku.com/products/pricing/" "Mozilla/5.0 (Windows NT 6.1; WOW64) AppleWebKit/537.36 (KHTML, like Gecko) Chrome/33.0.1750.154 Safari/537.36"
208.115.111.0 - - [01/Apr/2014:04:09:18 +0200] "GET /products/ HTTP/1.1" 408 3425 "http://dataiku.com/blog/2012/12/07/visualizing-your-linkedin-graph-using-gephi-part-1.html" "Mozilla/5.0 (X11; CrOS x86_64 5116.62.0) AppleWebKit/537.36 (KHTML, like Gecko) Chrome/33.0.1750.70 Safari/537.36"
192.99.19.0 - - [01/Apr/2014:04:09:24 +0200] "GET / HTTP/1.1" 304 4410 "http://dataiku.com/applications/smartcities/" "Mozilla/5.0 (Windows NT 6.1; WOW64; rv:21.0) Gecko/20100101 Firefox/21.0"
208.115.111.0 - - [01/Apr/2014:04:09:34 +0200] "GET /applications/ HTTP/1.1" 304 3724 "http://www.dataiku.com/blog/2012/12/07/visualizing-your-linkedin-graph-using-gephi-part-1.html" "Mozilla/5.0 (compatible; Googlebot/2.1; +http://www.google.com/bot.html)"
208.115.111.0 - - [01/Apr/2014:04:09:38 +0200] "GET / HTTP/1.1" 400 622 "http://strata.oreilly.com/2013/11/data-wrangling-gets-a-fresh-look.html" "Mozilla/4.0 (compatible; MSIE 7.0; Windows NT 6.0)"
208.115.111.0 - - [01/Apr/2014:04:09:44 +0200] "GET /solutions/ecommerce HTTP/1.1" 304 583 "http://www.dataiku.com/applications/publishing/" "Mozilla/5.0 (compatible; Yahoo! Slurp; http://help.yahoo.com/help/us/ysearch/slurp)"
208.115.111.0 - - [01/Apr/2014:04:09:48 +0200] "GET /products/manage/ HTTP/1.1" 200 3189 "http://dataiku.com/blog/" "Mozilla/5.0 (X11; CrOS x86_64 5116.62.0) AppleWebKit/537.36 (KHTML, like Gecko) Chrome/33.0.1750.70 Safari/537.36"
192.99.19.0 - - [01/Apr/2014:04:09:54 +0200] "GET /blog/feed/ HTTP/1.1" 206 504 "http://blog.dataiku.com/blog/" "Mozilla/5.0 (compatible; AhrefsBot/5.0; +http://ahrefs.com/robot/)"
149.154.159.0 - - [01/Apr/2014:04:10:03 +0200] "GET / HTTP/1.1" 302 4410 "http://www.dataiku.com/solutions/ecommerce/" "Mozilla/5.0 (Windows NT 6.1; WOW64) AppleWebKit/537.36 (KHTML, like Gecko) Chrome/27.0.1453.110 Safari/537.36 Squider/0.01"
208.115.111.0 - - [01/Apr/2014:04:10:13 +0200] "GET /company/careers/ HTTP/1.1" 200 3312 "http://www.dataiku.com/products/" "Mozilla/5.0 (Windows NT 6.1; WOW64) AppleWebKit/537.36 (KHTML, like Gecko) Chrome/33.0.1750.154 Safari/537.36"
149.154.159.0 - - [01/Apr/2014:04:10:19 +0200] "GET / HTTP/1.1" 408 13226 "http://www.dataiku.com/data-science/" "Mozilla/5.0 (Windows NT 6.1; WOW64) AppleWebKit/537.36 (KHTML, like Gecko) Chrome/32.0.1700.107 Safari/537.36"
194.254.61.0 - - [01/Apr/2014:04:10:25 +0200] "GET /applications/ HTTP/1.1" 408 3724 "http://www.dataiku.com/products/manage/" "Mozilla/5.0 (Windows NT 6.1; WOW64) AppleWebKit/537.36 (KHTML, like Gecko) Chrome/35.0.1916.153 Safari/537.36"
149.154.159.0 - - [01/Apr/2014:04:10:29 +0200] "GET / HTTP/1.1" 301 622 "http://www.dataiku.com/dss/trynow/" "Mozilla/5.0 (Windows NT 6.1; WOW64) AppleWebKit/537.36 (KHTML, like Gecko) Chrome/27.0.1453.110 Safari/537.36 Squider/0.01"
208.115.111.0 - - [01/Apr/2014:04:10:33 +0200] "GET /products HTTP/1.1" 416 566 "http://www.dataiku.org/" "Mozilla/5.0 (Windows NT 6.1; WOW64) AppleWebKit/537.36 (KHTML, like Gecko) Chrome/33.0.1750.154 Safari/537.36"
208.115.111.0 - - [01/Apr/2014:04:11:03 +0200] "GET /company/team/ HTTP/1.1" 501 3237 "http://dataiku.com/products/pricing/" "Mozilla/5.0 (compatible; Yahoo! Slurp; http://help.yahoo.com/help/us/ysearch/slurp)"
194.254.61.0 - - [01/Apr/2014:04:11:09 +0200] "GET / HTTP/1.1" 302 13535 "https://www.google.co.uk/" "Mozilla/5.0 (Windows NT 6.1; WOW64) AppleWebKit/537.36 (KHTML, like Gecko) Chrome/35.0.1916.153 Safari/537.36"
208.115.111.0 - - [01/Apr/2014:04:11:14 +0200] "GET /feed/ HTTP/1.1" 304 503 "http://www.dataiku.org/" "Mozilla/5.0 (compatible; Yahoo! Slurp; http://help.yahoo.com/help/us/ysearch/slurp)"
208.115.111.0 - - [01/Apr/2014:04:11:24 +0200] "-" 416 0 "http://blog.kaggle.com/2014/02/06/winning-personalized-web-search-team-dataiku/" "Mozilla/4.0 (compatible; MSIE 7.0; Windows NT 6.0)"
208.115.111.0 - - [01/Apr/2014:04:11:44 +0200] "GET /products/ HTTP/1.1" 302 3440 "http://www.dataiku.com/dss/features/manage/" "Mozilla/5.0 (compatible; Googlebot/2.1; +http://www.google.com/bot.html)"
149.154.159.0 - - [01/Apr/2014:04:11:48 +0200] "GET /applications/ HTTP/1.1" 408 3462 "http://www.dataiku.com/blog/2012/12/07/visualizing-your-linkedin-graph-using-gephi-part-1.html" "Mozilla/5.0 (Windows NT 6.1; WOW64) AppleWebKit/537.36 (KHTML, like Gecko) Chrome/32.0.1700.107 Safari/537.36"
208.115.111.0 - - [01/Apr/2014:04:11:59 +0200] "GET /blog/ HTTP/1.1" 302 4433 "http://dataiku.com" "Mozilla/5.0 (X11; CrOS x86_64 5116.62.0) AppleWebKit/537.36 (KHTML, like Gecko) Chrome/33.0.1750.70 Safari/537.36"
192.99.19.0 - - [01/Apr/2014:04:12:03 +0200] "GET /products/shaker/ HTTP/1.1" 302 3312 "http://dataiku.com/products/trynow/" "Mozilla/5.0 (Windows NT 6.1; WOW64; rv:21.0) Gecko/20100101 Firefox/21.0"
208.115.111.0 - - [01/Apr/2014:04:12:14 +0200] "GET /solutions/freemium HTTP/1.1" 301 583 "http://www.dataiku.com/products/sharing/" "Mozilla/5.0 (compatible; Yahoo! Slurp; http://help.yahoo.com/help/us/ysearch/slurp)"
192.99.19.0 - - [01/Apr/2014:04:12:19 +0200] "GET /products/ HTTP/1.1" 404 3440 "http://www.dataiku.com/applications/ecommerce/" "Mozilla/5.0 (Windows NT 6.1; WOW64; rv:21.0) Gecko/20100101 Firefox/21.0"
149.154.159.0 - - [01/Apr/2014:04:12:35 +0200] "GET / HTTP/1.1" 400 4545 "http://t.co/2W6hCFpm" "Mozilla/5.0 (compatible; bingbot/2.0; +http://www.bing.com/bingbot.htm)"
149.154.159.0 - - [01/Apr/2014:04:12:38 +0200] "GET / HTTP/1.1" 302 3210 "http://dataiku.com/applications/advertising/" "Mozilla/5.0 (Windows NT 6.1; WOW64) AppleWebKit/537.36 (KHTML, like Gecko) Chrome/32.0.1700.107 Safari/537.36"
95.108.240.0 - - [01/Apr/2014:04:12:54 +0200] "GET /products/manage/ HTTP/1.1" 404 3189 "http://www.dataiku.com/products/manage/" "Mozilla/4.0 (compatible; MSIE 8.0; Windows NT 5.1; Trident/4.0)"
149.154.159.0 - - [01/Apr/2014:04:12:59 +0200] "GET /solutions/smartcities/ HTTP/1.1" 400 2669 "http://dataiku.com/blog/2014/01/14/winning-kaggle.html" "Mozilla/5.0 (Windows NT 6.1; WOW64) AppleWebKit/537.36 (KHTML, like Gecko) Chrome/27.0.1453.110 Safari/537.36 Squider/0.01"
192.99.19.0 - - [01/Apr/2014:04:13:18 +0200] "GET / HTTP/1.1" 408 4250 "http://www.dataiku.com/solutions/smartcities/" "Mozilla/5.0 (Windows NT 6.1; WOW64; rv:21.0) Gecko/20100101 Firefox/21.0"
208.115.111.0 - - [01/Apr/2014:04:28:00 +0200] "GET / HTTP/1.1" 200 3210 "http://www.dataiku.com/applications/revenue_forecast/" "Mozilla/5.0 (Windows NT 6.1; WOW64) AppleWebKit/537.36 (KHTML, like Gecko) Chrome/33.0.1750.154 Safari/537.36"